u(r) = -13 + 35 - 2*r - 11 - l - r**3 - 3*r**2. Give u(-2).
-3
Let a(k) = k**2 + 13*k - 10. Let i(t) = 5*t**2 + 55*t - 37. Let n(z) = -1. Let s(x) = -i(x) - 2*n(x). Let f(d) = -9*a(d) - 2*s(d). Give f(6).
6
Let h(c) be the second derivative of -c**4/12 + 11*c**3/3 - 65*c**2/2 - 8435*c. Calculate h(18).
7
Let s(d) = 6*d - 15. Let c be s(4). Let y(w) = 56*w + 6. Let n be y(c). Let u(o) = 14 - 10*o**2 + n*o - o**3 + 2*o**3 - 510*o. Determine u(10).
14
Let b(a) = a + 8. Let u be b(-11). Suppose -2*j - 5*i = -4, -1 = j + 4*i - 3. Let l(y) = 3*y + 8 - 8 + y**j + y. Determine l(u).
-3
Let w(f) = -54*f + 977. Let m be w(18). Let v(a) be the third derivative of 7/6*a**3 - 2/15*a**m - 12*a**2 + 5/12*a**4 - 1/120*a**6 + 0*a + 0. Calculate v(-9).
-2
Let f(z) = -z**3 + 5*z**2 - 7*z + 21. Let m be -19 + 1 + 8 + 16. What is f(m)?
-57
Let j = -9719 - -9743. Let w(y) = 3*y**2 - 71*y - 34. Give w(j).
-10
Let m(d) = d**2 + 4*d + 7. Let v = -41 + 44. Let k be ((v/(-2))/(-3))/(23/(-184)). Calculate m(k).
7
Let y(j) = j + 5. Let k = -6 - -8. Suppose -m = -k*m. Suppose -g + m + 5 = 0, 1 = -4*w + 5*g. Determine y(w).
11
Let q(i) = -i**3 - 28*i**2 - 195*i + 7. Let p be q(-14). Let a = 8 + -6. Let g(j) = a - 7 - j - 4. Determine g(p).
-2
Let k(b) = -b**2 + 10*b - 9. Suppose 3*o - 41 = -5*n + o, 25 = 3*n + o. Suppose 0 = -3*v, -v - 5 - n = -2*f. What is k(f)?
12
Let v(p) = 5*p + 16. Let k(d) = d. Suppose 0 = -181*w + 180*w + 4. Let r(f) = w*k(f) - v(f). Determine r(-6).
-10
Let n(w) = -3*w**2 - 5*w - 3. Let a(o) = -o**2 - 26*o - 171. Let v = 185 - 199. Let d be a(v). Calculate n(d).
-15
Let z be (2/6)/((-400)/(-132) + -3). Let p(s) = -11*s**2 + 6*s - 5*s - 21*s**2 + z*s**2. What is p(1)?
-20
Let i(d) = -4*d - 83*d**2 - 78*d**2 - 5 - 70*d**2 + 226*d**2. Give i(-2).
-17
Suppose -16*u - 1462 - 562 = -108*u. Let i(v) = v**2 - 23*v + 30. Calculate i(u).
8
Let o(t) = -t**2 + 97 - 88 + 59*t + 330 - 32*t + 288. Calculate o(42).
-3
Suppose -13 = -4*o + 4*i - i, -5 = -5*i. Let d(u) = -3 - 1 - 4 - u + o. Suppose 32*n - 35*n = 6. What is d(n)?
-2
Let t(w) = -10*w - 1 - 5*w**2 - 10 + 4*w**2. Suppose 0 = 33*u - 37*u + 5*b + 4, -66 = 10*u - 3*b. Calculate t(u).
-2
Let b(h) = -27*h**2 - 946*h - 46. Let l be b(-35). Let u(v) = -v**2 - 13*v - 25. Give u(l).
-3
Suppose 11*d + m - 13 = 9*d, 4*d - 29 = m. Let t(k) = -2*k + 29. Let x(n) = 3*n - 43. Let v(u) = 7*t(u) + 5*x(u). Calculate v(d).
-5
Let x(z) = 22*z + 4. Let a(i) = 5*i + 1. Suppose 5*c = 4*j - 41, 2*j = -2*j - 4. Let t(f) = c*a(f) + 2*x(f). Give t(1).
-2
Let j be (0 - 7)*30/(-35). Let s(d) = 7 - 6 - d - j + 1. Determine s(-12).
8
Let q(h) be the first derivative of h**4/6 + h**3/6 - 2*h**2 + h + 2. Let o(l) be the first derivative of q(l). Let j = 18391 - 18394. What is o(j)?
11
Let h(x) = -x**2 - 7*x + 1. Let k be (2 - (-132)/(-18))/(12/18). What is h(k)?
-7
Let a(u) = u**2 + 96 - 19*u - 13*u - 41 + 82 - 10*u. Calculate a(38).
-15
Let s = 6 - 40. Let u = 37 + s. Let i(m) = u*m - 14 + 23 - m. Give i(-6).
-3
Suppose -12*x + 15 = -7*x. Suppose 8*i - 5*i - 9 = -5*f, 0 = x*f + 4*i - 1. Let d(s) = -s**2 - 544*s - 539*s - 542*s + 1623*s + 4. What is d(f)?
-11
Let u(v) = 2*v**2 - 8*v + 18. Let n be u(3). Let t(b) = -15*b**2 + 2*b**2 - 7 + n*b**2 - 4*b. What is t(-5)?
-12
Let l be (-3 + (-3)/(-4))/((-42)/224). Let t be (27*l/(-18))/(-2). Let x(p) = p - 9. Determine x(t).
0
Let k(i) = -i**3 + 4*i**2 + 9*i - 38. Let a(b) = -63*b + 698. Let y be a(11). Give k(y).
-18
Suppose k = -3*j + 3, 5*k - 32*j + 4 = -28*j. Let d(t) = -t - 32. Give d(k).
-32
Let v(t) = t**2 + 7*t + 3. Suppose 0 = 2*d - 6*d + 5*d. Suppose d = -5*i + 25, 4*i - 26 = -3*x + 24. Let b be (0 - -1)/(((-8)/x)/4). Give v(b).
-7
Let v = 52 + -32. Suppose 2*a + 4*z + v = -2, -3*a - 17 = -2*z. Let k(h) = h**2 + 7*h + 3. Determine k(a).
3
Let c(a) = -4*a - 5*a - 5*a**2 + 4*a**2 - 6. Let o be 21053/(-407) + 43 + (-6)/22. Calculate c(o).
-6
Let l(o) = -4*o - 60. Let j = -1540 - -1532. Give l(j).
-28
Let s(i) = 22*i - 89. Let o(v) = -119*v + 446. Let a(h) = 2*o(h) + 11*s(h). What is a(0)?
-87
Let a(i) = i**2 - 11*i + 25. Let m = -1400 + 777. Let x = m - -631. Give a(x).
1
Suppose 0 = 3*s - 4*s - 5. Let x(i) be the second derivative of -i**3/6 + 57*i**2/2 - 56*i. Let t(q) = -11. Let n(r) = 11*t(r) + 2*x(r). Give n(s).
3
Let o(v) = 24*v**3 + 3*v**2 + 4*v + 2. Let l = 2503 + -2504. Determine o(l).
-23
Let s(f) = -18*f**3 + f**2 + f + 1. Suppose -7 = -4*o + 5*a, 0 = -o - 5*a + 4 + 4. Suppose -2*r + 3 = -o*n, 0 = 9*n - 6*n + 4*r + 3. Give s(n).
19
Let g(f) be the second derivative of 5*f**3/6 - 9*f**2 - 672*f. Give g(8).
22
Suppose -v - 4*v = -120. Let s(j) = -10*j - 9*j + v*j. Suppose 10 = 4*w + w. What is s(w)?
10
Let a(g) = -3*g**3 - 3*g**2 + 4*g + 3. Let i be 1/(-2) + 1 - (-110)/(-44). What is a(i)?
7
Suppose 100*a - 353 = -1953. Let w(p) = -p**2 - 19*p - 16. Calculate w(a).
32
Suppose -l - 3*f + f = -9, 3*l + f - 22 = 0. Suppose -8 = 3*m - r, -l*m + r - 6 = 6. Let o(s) = 0*s + 0 - 1 - s - 2*s**2. Give o(m).
-2
Let y be ((-264)/(-11) - 12) + -5. Let z(r) = -r**2 + 6*r - 3. Give z(y).
-10
Let s(b) = 13*b**2 + 11*b + 139. Let j(g) = -15*g**2 - 17*g - 139. Let o(a) = -6*j(a) - 7*s(a). Give o(17).
-3
Suppose 20*n + 17*n + 48 = 31*n. Let w(o) = -o - 12. Calculate w(n).
-4
Let t(f) = -f**2 - 90*f - 1. Let h(d) = 3*d**2 + 383*d - 90. Let y(s) = -h(s) - 4*t(s). Calculate y(10).
-36
Let j(h) = h**3 + 13*h**2 + 11*h - 127. Let w be j(-11). Let z(x) = -x**3 - 9*x**2 + 26. Determine z(w).
-82
Let g(u) = 3*u**2 - 9*u - u**2 - 16 - 3*u**2. Suppose -2205*c + 1882*c - 2579 = -641. What is g(c)?
2
Let q(z) = 729 + 20*z - 1459 + 727. Determine q(2).
37
Let j(g) = -438 + 53*g + 23*g**2 - 25*g**2 + 492 - 246. Give j(4).
-12
Suppose -t + 6*t + 5*w = 20, 0 = -5*t - 4*w + 18. Let s(r) = r + 7. Let c(x) = 5*x + 32. Let d(q) = t*c(q) - 11*s(q). What is d(-9)?
-4
Let v(c) be the first derivative of c**4/4 - c**3 - 5*c**2 + 25*c + 91. Let p be v(4). Let h(i) = -6*i - 1. Determine h(p).
-7
Let j(m) = 14343 - 7141 + 18*m - 7143 + m**2. What is j(-14)?
3
Let g(m) be the third derivative of m**5/20 - 5*m**4/24 + 2*m**3/3 + 481*m**2. What is g(5)?
54
Suppose -5*f = -254 + 244. Let n(b) = 21 - 13 - f + b. Suppose 4*i + c = i - 18, 5*c = -15. What is n(i)?
1
Let v(h) = 5*h - 5. Let x(m) = 39*m - 27. Let g(f) = -11*v(f) + 2*x(f). Give g(3).
70
Let l(s) = -s**3 - s**2 + 4*s + 3. Let z(f) = 17*f + 625. Let i be z(-37). Give l(i).
35
Let h(k) = -k**3 + 13*k**2 - k + 46. Let g(f) = f**3 - 13*f**2 + f - 38. Let i(c) = 3*g(c) + 2*h(c). Calculate i(13).
-9
Let b(s) = 2*s**3 - 11*s**2 + 2*s + 1. Let z be (-48)/28*(-245)/70. Give b(z).
49
Suppose 0*v = 2*v. Let b(p) be the first derivative of -p**5/20 - p**4/12 + p**3/6 + 15*p**2/2 - 47*p - 26. Let n(h) be the first derivative of b(h). Give n(v).
15
Let t(q) = q**3 + 27*q**2 - 57*q + 31. Let c be t(-29). Suppose -u + 13 = -5*w, w - 4*u + 10 = c*w. Let z(y) = 6*y**2 - 4*y - 3. What is z(w)?
29
Let x(l) = 22*l - 3. Suppose 12 = -3*s, 7 = -5*j + 7*s - 10*s. Give x(j).
19
Let w be (9/(-15))/(2/10). Let l = 113 - 81. Let t(a) = l*a**2 + 2 - 33*a**2 - 6*a + 5*a. Calculate t(w).
-4
Let o(q) = -q**2 + 4*q - 6. Let s = 2261 - 2269. Suppose -4*t = -8*t + 4, -3*a = -3*t + 15. Let f be (-17)/a + s/32. Determine o(f).
-6
Let a be (18/15)/(3/10). Let p be (5/(-2) - -1)*a/(-2). Let b(h) = h - 3. What is b(p)?
0
Let w be (-156)/(-8)*(1 + 15/(-45)). Let h(k) = -k**3 + 14*k**2 - 9*k - 19. Determine h(w).
33
Suppose -5*k - 7 = -5*g + 18, -2*k = 0. Let r(i) = i**3 + 18 - 17 + 17426*i - 17433*i - 4*i**2. Give r(g).
-9
Let y(r) = -r**3 + 22*r**2 - 20*r + 8. Let o = -10059 + 10080. What is y(o)?
29
Let g(v) = v**3 + 5*v**2 - 4*v. Let h be g(1). Let t(c) = c**3 - 8*c**2 - c**h - 4 + 3*c + 4*c**2. What is t(4)?
-8
Let i(q) = -3*q**2 - q**3 + 63 - 123 - 3*q + 61 + 2*q**3 + 0*q**2. Determine i(4).
5
Let r(h) = 13*h + 3. Let s be r(4). Let d be (-4)/(-5) + 4246/s. Let l = d - 81. Let o(m) = -m**3 - 2*m**2 + 2*m - 2. Determine o(l).
1
Let x(a) = -a**3 - 6*a**2 + a - 8. Let q = 1254 + -1260. What is x(q)?
-14
Let q(r) = -r - 4. Let a = -161 + 171. Suppose -a = -6*y + 8. What is q(y)?
-7
Let m(r) = -881*r + 172. Let d(w) = -354*w + 85. Let s(b) = 5*d(b) - 2*m(b). Calculate s(12).
-15
Let a(g) = 6*g**2 - 3